ase 13) in base 14?
-71d
Convert -32636 (base 9) to base 2.
-101010010011100
What is -22401 (base 5) in base 6?
-11225
What is -221222121 (base 3) in base 13?
-8812
What is 43311 (base 5) in base 4?
232030
Convert 2d84 (base 14) to base 8.
17730
Convert 440103 (base 6) to base 8.
106747
What is -1001011000 (base 2) in base 15?
-2a0
What is -3423 (base 5) in base 9?
-602
What is -1812 (base 9) in base 11?
-1052
What is -1318 (base 13) in base 5?
-41400
What is a5 (base 12) in base 15?
85
-10524 (base 12) to base 11
-15161
Convert -2122110210 (base 3) to base 15.
-10689
Convert -123223 (base 4) to base 10.
-1771
Convert -1062 (base 10) to base 14.
-55c
What is -4288 (base 15) in base 3?
-201022102
-212022011 (base 3) to base 6
-210351
13300 (base 4) to base 2
111110000
Convert -3db (base 15) to base 16.
-371
What is 110100110100 (base 2) in base 4?
310310
What is -b2 (base 15) in base 9?
-205
What is -39c (base 13) in base 4?
-21330
-2654 (base 8) to base 2
-10110101100
What is -299 (base 13) in base 6?
-2052
What is -220102 (base 3) in base 7?
-1631
-47550 (base 8) to base 5
-1122303
Convert -104 (base 13) to base 10.
-173
-400 (base 6) to base 7
-264
Convert -2221101 (base 4) to base 16.
-2a51
36770 (base 8) to base 6
201240
Convert 2231 (base 4) to base 7.
335
What is 10b6 (base 13) in base 3?
10012220
Convert -102011122 (base 3) to base 16.
-1fd0
-324222 (base 5) to base 10
-11187
What is -330124 (base 5) in base 15?
-3529
What is -302020 (base 4) in base 15?
-e3d
What is 246 (base 13) in base 16?
18c
What is 3020 (base 5) in base 14?
1d7
What is -10102210 (base 3) in base 15?
-b20
Convert -14435 (base 6) to base 13.
-10a0
-403030 (base 6) to base 7
-161424
What is -2151 (base 8) in base 6?
-5121
Convert -427 (base 12) to base 16.
-25f
20405 (base 9) to base 15
3ebb
Convert 10346 (base 9) to base 4.
1222332
What is 28578 (base 9) in base 14?
711c
Convert -122133 (base 7) to base 4.
-11131200
Convert -1124321 (base 5) to base 6.
-235150
What is 3631 (base 7) in base 15?
5ea
-127 (base 15) to base 13
-172
What is 1101011100000000 (base 2) in base 10?
55040
Convert 4303 (base 9) to base 11.
2415
What is -524 (base 7) in base 13?
-173
What is 8a4 (base 15) in base 2?
11110100010
-11133311 (base 4) to base 16
-57f5
1001 (base 5) to base 8
176
1633 (base 8) to base 9
1235
What is -20201 (base 3) in base 11?
-155
Convert -10202 (base 8) to base 14.
-177c
What is -1001011110001 (base 2) in base 3?
-20122121
-1433223 (base 5) to base 8
-73346
-27b8 (base 15) to base 12
-4b02
What is -35747 (base 10) in base 14?
-d055
Convert 31310 (base 6) to base 9.
5706
What is -3101 (base 11) in base 6?
-31015
-621 (base 8) to base 13
-24b
12123 (base 4) to base 9
506
Convert 291 (base 13) to base 16.
1c8
What is 14c9 (base 15) in base 10?
4464
Convert -b07 (base 13) to base 2.
-11101001010
What is 166231 (base 8) in base 10?
60569
What is 210101 (base 3) in base 15?
287
Convert 2a (base 16) to base 7.
60
Convert -11111 (base 2) to base 9.
-34
What is 41340 (base 9) in base 11?
19525
What is -102010 (base 3) in base 7?
-606
Convert 361 (base 8) to base 3.
22221
What is -1667 (base 9) in base 12?
-8a4
What is -11111100100 (base 2) in base 8?
-3744
What is -472 (base 11) in base 8?
-1063
-7604 (base 13) to base 3
-211111022
Convert -2569 (base 10) to base 3.
-10112011
What is 1285 (base 10) in base 14?
67b
What is 101000100110 (base 2) in base 16?
a26
What is -3143 (base 8) in base 6?
-11323
What is -3224 (base 6) in base 16?
-2e0
Convert -40c (base 14) to base 9.
-1074
-22838 (base 9) to base 6
-154355
What is -1bd (base 15) in base 14?
-20b
314 (base 9) to base 6
1104
Convert -104323 (base 5) to base 4.
-322001
124050 (base 7) to base 15
6c46
-935 (base 10) to base 9
-1248
Convert 334 (base 12) to base 13.
2a4
What is -721 (base 10) in base 6?
-3201
Convert -1530 (base 7) to base 12.
-429
12251 (base 7) to base 10
3221
Convert 111000 (base 3) to base 9.
430
What is -c48 (base 13) in base 10?
-2088
What is -ca (base 15) in base 10?
-190
What is -11438 (base 10) in base 12?
-6752
Convert 6b85 (base 12) to base 3.
121112102
What is 22326 (base 9) in base 11?
10178
Convert -12260 (base 11) to base 2.
-100010011001011
What is 35151 (base 8) in base 10?
14953
110100110010001 (base 2) to base 14
9bc5
Convert 10011100001000 (base 2) to base 8.
23410
-12322101 (base 4) to base 15
-85c0
Convert 8278 (base 12) to base 2.
11011101111100
What is -423012 (base 5) in base 3?
-201101102
Convert 504 (base 12) to base 9.
884
Convert -2a1 (base 14) to base 11.
-445
Convert c0 (base 14) to base 12.
120
Convert 5005 (base 6) to base 15.
4c5
What is -3431 (base 8) in base 12?
-1075
What is 462 (base 10) in base 14?
250
Convert -295 (base 10) to base 15.
-14a
What is -10010111111101011 (base 2) in base 16?
-12feb
1006 (base 7) to base 8
535
Convert -948 (base 13) to base 16.
-62d
611 (base 15) to base 3
1212121
What is 65506 (base 7) in base 15?
4cb7
What is 3123332 (base 4) in base 2?
11011011111110
What is -2203031 (base 4) in base 12?
-6065
Convert 11261 (base 13) to base 6.
400155
-c0b (base 14) to base 8
-4473
21210330 (base 4) to base 16
993c
What is -3252 (base 9) in base 13?
-1124
164577 (base 8) to base 15
12aa0
Convert -2210120 (base 3) to base 9.
-2716
Convert -1000101100 (base 2) to base 12.
-3a4
Convert 13 (base 8) to base 10.
11
What is 63655 (base 7) in base 11?
10936
What is -121101 (base 3) in base 11?
-372
Convert 13050 (base 6) to base 7.
5520
Convert -14503 (base 10) to base 5.
-431003
Convert -62663 (base 7) to base 15.
-488b
Convert 10520 (base 9) to base 10.
6984
2201 (base 4) to base 2
10100001
Convert 68757 (base 10) to base 12.
33959
Convert -151a (base 16) to base 14.
-1d7c
132122 (base 5) to base 10
5287
What is -2384 (base 9) in base 15?
-7d7
What is 691 (base 11) in base 3?
1010121
Convert -25d1 (base 14) to base 4.
-1213323
Convert -3023 (base 4) to base 13.
-128
What is -326a (base 12) in base 6?
-41414
Convert 665 (base 15) to base 3.
1222112
111001000101 (base 2) to base 11
2821
Convert 531 (base 7) to base 9.
326
Convert -16564 (base 8) to base 12.
-4444
Convert 55760 (base 9) to base 12.
19553
Convert -1111202111 (base 3) to base 12.
-15241
Convert -21010 (base 4) to base 10.
-580
200 (base 4) to base 9
35
-3c (base 14) to base 12
-46
-10354 (base 8) to base 6
-32020
Convert -1478 (base 15) to base 12.
-2658
10100011 (base 2) to base 8
243
-289 (base 10) to base 16
-121
Convert 1324 (base 9) to base 4.
33202
Convert -12032 (base 4) to base 11.
-332
What is 110021 (base 3) in base 6?
1311
What is -4098 (base 10) in base 6?
-30550
What is 312 (base 11) in base 6?
1424
Convert -48991 (base 10) to base 12.
-24427
Convert -326 (base 10) to base 13.
-1c1
Convert 1013040 (base 6) to base 3.
2110200220
What is -32c9 (base 14) in base 6?
-104425
What is -400 (base 7) in base 14?
-100
What is -1b3 (base 16) in base 12?
-303
Convert -1244 (base 16) to base 12.
-2858
What is -c413 (base 15) in base 14?
-11146
-1122025 (base 6) to base 2
-1110000010000001
50237 (base 8) to base 3
1001022102
-1209 (base 10) to base 4
-102321
-97a (base 11) to base 9
-1546
-381 (base 12) to base 7
-1354
135424 (base 6) to base 7
52423
2a196 (base 12) to base 5
3342020
-6050 (base 9) to base 13
-201c
-121620 (base 7) to base 8
-53364
Convert 42 (base 13) to base 4.
312
Convert 113412 (base 8) to base 15.
b6cb
What is -9 (base 13) in base 6?
-13
Convert -111166 (base 8) to base 3.
-1220102200
What is 119 (base 13) in base 10?
191
110001010 (base 2) to base 7
1102
Convert a29 (base 12) to base 15.
683
Convert 681 (base 11) to base 14.
423
-bb (base 14) to base 4
-2211
-e2 (base 15) to base 4
-3110
14a0 (base 11) to base 6
12525
1122021210 (base 3) to base 4
13320132
Convert -4300 (base 6) to base 12.
-690
What is 10034 (base 5) in base 4?
22010
-5724 (base 8) to base 14
-1164
Convert -3115 (base 9) to base 2.
-100011101010
What is -14231 (base 5) in base 7?
-3321
Convert 7 (base 13) to base 12.
7
Convert 398 (base 12) to base 10.
548
Convert 44a (base 15) to base 6.
4254
Convert -60b6 (base 14) to base 11.
-11543
2f79 (base 16) to base 15
3903
-931 (base 10) to base 3
-1021111
What is -a10 (base 12) in base 7?
-4143
101111111 (base 2) to base 12
27b
Convert -1111211 (base 3) to ba